t*i - 2*n + 8 = 4*i. Suppose -5*x + 3955 = i*s, -2*x + 1000 = s + 9. Is s a composite number?
True
Let p be (-38)/(-12) + (-3)/18. Suppose 7*g - p*g = q - 40, -3*q = -g - 65. Let d(t) = -t**3 + 25*t**2 - 16*t - 23. Is d(q) a prime number?
True
Suppose -p = 612 - 209. Let x = p + 3996. Is x composite?
False
Let a(h) = -h**2 + 10*h - 13. Let u be a(8). Suppose o - 3*o + 4903 = 3*g, u*g - 7356 = -3*o. Is o prime?
False
Suppose 5*n + 5527 = 2*h, 3*h - 10944 + 2659 = 2*n. Is h prime?
False
Let w(d) be the second derivative of d**6/30 + d**5/10 - 25*d**4/24 - d**3 - 17*d. Let l(y) be the second derivative of w(y). Is l(-8) prime?
True
Let b(k) = -16038*k**3 - 4*k - 2. Let z be b(-1). Let w = 27067 - z. Is w prime?
True
Suppose -15*i - 15 = -105. Is 202*20/5 - i a prime number?
False
Suppose 4288623 = -252*u + 309*u. Is u composite?
False
Is (9 + (-23723)/(-14))/((-3)/(-534)) composite?
True
Suppose 22*s = 18*s + 93660. Suppose -3*c + 8334 = -s. Is c a prime number?
False
Let d = -277 - -317. Suppose -37*q + d*q - 3831 = 0. Is q a prime number?
True
Suppose -68 = -4*v + 16. Let k be (-2 - (-4)/(-4)) + v. Suppose 15*b - k*b = -5073. Is b a composite number?
True
Suppose 70*n - 80*n + 2036370 = 0. Suppose 0 = -1565*x + 1568*x - n. Is x a composite number?
True
Let p(o) = -o**2 + 9. Let g be p(-5). Let z = g - -24. Let w(d) = 3*d**2 + 17. Is w(z) prime?
False
Suppose -12*z + 42299 + 82825 = 0. Is z prime?
True
Let c be (-7 - (4 - 6))*-1. Suppose -c*n = 3*k - 2366, -3*k + 23*n - 22*n + 2396 = 0. Is k composite?
False
Suppose 1054 + 844 = d - 2091. Is d composite?
False
Suppose -37 = -2*z - 49. Let w(c) = -11 + 9*c + 5*c**2 - 8*c + 24*c**2. Is w(z) composite?
True
Suppose -5*r = 5*t - 33875, -313*t = -309*t + 5*r - 27096. Is t a prime number?
True
Suppose 87*h + 9196461 - 16612707 = 23713137. Is h a prime number?
True
Suppose 3*v - 379054 - 198645 = -5*c, -3*v = -2*c + 231088. Is c a prime number?
False
Suppose -4*o = -o - 33. Suppose 3*h = o + 7. Let v(g) = 11*g**2 - 16*g - 7. Is v(h) a prime number?
True
Suppose 8 = 3*t + 2. Let r be (5042/4 + 9 + -7)*t. Suppose n = 4*o - 0*n - r, -2*o + 2*n = -1264. Is o a composite number?
False
Let k(h) = -55*h - 452. Let l be k(-10). Suppose 80*r = l*r - 137034. Is r a prime number?
False
Let z = -235 + 351. Suppose -113*f = -z*f + 16149. Is f a composite number?
True
Suppose -2*l - 3*f + 14 = f, -5*f - 14 = -l. Let x(d) = 2*d - 15. Let g be x(l). Suppose -155 = g*h - a - 911, -5*a = -h + 266. Is h a prime number?
True
Suppose -1528870 + 327859 = -7*d. Is d a prime number?
False
Suppose -4 + 1 = b, -2*b = -5*p + 41. Suppose 0 = -p*j + 9051 - 1092. Is j prime?
False
Suppose -32*k = 33*k - 59*k - 465636. Is k a composite number?
True
Suppose -4*b + 113251 = -6*b + 5*x, 4*b + 4*x + 226432 = 0. Let g = 80110 + b. Is g prime?
True
Suppose -3*f + 5*y = -61028, -f - 20*y + 20345 = -24*y. Is f a composite number?
False
Let l(y) = -132*y - 3. Let c(a) = -a**3 + 2. Let n be c(2). Is l(n) a composite number?
True
Suppose -28*v - 42*v = -41*v - 1100579. Is v a composite number?
False
Suppose 0 = -3*q + 3*x + 672507, 50276 = -q - x + 274455. Is q composite?
True
Suppose -4*z - 108 + 140 = 0. Let d(h) = 112*h**2 - 6*h - 3. Is d(z) prime?
False
Suppose -3*p - 4*s = -659, 3*p = -s + 546 + 116. Suppose -3*w = -i + 124, 0 = 2*i - 3*w + 6*w - p. Suppose -2*r - i + 1229 = 0. Is r composite?
False
Suppose -5894701 = -30*l + 3146755 - 116366. Is l composite?
False
Suppose -k + 5*q + 2424 = 0, -4*k = -4*q + 537 - 10185. Let o = -1490 + k. Suppose -4*i + 3*i = 5*c - 310, 4*c - o = -3*i. Is i composite?
True
Let o(d) = -20305*d - 16047. Is o(-10) prime?
True
Let o(u) = -u**3 - 5*u**2 - u - 22. Let m be (-85)/15 - (-3)/(-9). Let b be o(m). Suppose -17*j - 18429 = -b*j. Is j prime?
True
Is (10 + 34488)*10/20 a prime number?
False
Let w = -10 - -1. Let d(z) = 22*z - 35. Let a be d(2). Is 14316/a + (-3)/w composite?
True
Suppose -3*x = -4*q - 539415, 0 = -4*x - 4*q + 925018 - 205742. Is x prime?
True
Let w(j) = 48 + 50 - 40 - 7*j. Let a be w(8). Suppose -o = -4*b - b - 226, -2*b = -a*o + 428. Is o a prime number?
True
Let y(d) = 2*d - 10. Let h be y(7). Suppose -1707 = -2*a + 5*u, -a = -0*u + h*u - 834. Suppose -305 = -l - s, -3*l - 5*s + a = -65. Is l a prime number?
True
Suppose 0 = -2*v + a + 262 + 26, -a = -3*v + 430. Let k = v + 10285. Is k a prime number?
True
Let z(p) = 126*p**3 - 13*p**2 - 43*p + 311. Is z(8) prime?
True
Let g = 9 - 18. Let s be g/3 + (11 - 8). Suppose -x + 4*w + 59 = s, x - 99 = -w - 3*w. Is x a prime number?
True
Let s(m) be the third derivative of m**6/60 - 13*m**5/60 - m**4/24 - m**3/6 - 2*m**2 - 2. Suppose 2*b - 18 = -0*b. Is s(b) composite?
True
Suppose -5*h - 30 = 2*a - 5, 4*a = -h - 5. Let p be 180/50 - 2/h. Suppose -2*d = -2*b + 1980 - 394, p*d = -3*b + 2365. Is b a prime number?
False
Suppose 0*u + 65 = 13*u. Suppose -u*r + 100160 = 5*g, -4*g + 5*r - 9403 = -89504. Is g composite?
False
Let f(h) = -13*h**2 + h + 5. Let a be f(-4). Let r = a - -1318. Is r a composite number?
True
Let t = 2274 + -842. Let n = t - -79. Is n a composite number?
False
Let t be (2566 - (4 + -4)) + 6. Let l = t + 2145. Is l composite?
True
Suppose -12*q - 50 = -14*q. Suppose -6982 = -0*m - 4*m + 2*p, 5*p - q = 0. Let g = m + -999. Is g composite?
True
Is (14/21)/(-5 - 4/(1500756/(-1875947))) a prime number?
True
Let m(j) = 303*j**2 + 56*j - 1277. Is m(26) prime?
False
Let o be (-17)/51 + -155*2/6. Let z = -48 - o. Suppose z*y - 335 = 3*y. Is y a composite number?
True
Let r(d) = -d**2 - 10*d - 31. Let l be r(-11). Let h(z) = 15*z**2 - 7*z + 79. Is h(l) composite?
False
Suppose 0 = -10189*t + 10199*t - 658090. Is t composite?
False
Let t be 4/((-36)/(-354093)) - (-36)/27. Suppose -4*m + t = 3*q - 44665, m + 4*q - 21009 = 0. Is m composite?
False
Suppose 134*s + 15114 = 128*s. Let w = -340 - s. Is w composite?
False
Let d(q) = 79*q**2 - 4*q - 22. Suppose 12*w - 20 + 80 = 0. Is d(w) prime?
True
Let h = -528 + 226. Let u = h - -535. Is u composite?
False
Let q(y) be the second derivative of 64*y**3/3 - 101*y**2/2 - 4*y - 14. Is q(6) composite?
True
Let f(x) = -2*x**3 - 134*x**2 + 34*x - 155. Is f(-77) prime?
True
Suppose 0 = -4*z - 4*d + 72, -z + 0*z + 3 = -4*d. Let n(r) = 46*r + 11. Let o be n(z). Suppose -6*t - o + 1811 = 0. Is t a prime number?
False
Let k = -3443 - -3449. Let y = -666 - -1867. Suppose -k*i = -5*i - y. Is i prime?
True
Let h = -3377480 + 5312089. Is h a prime number?
True
Let w(q) = 1094*q + 73. Is w(5) a composite number?
True
Suppose 12*v - 9*v = 74373. Suppose 6*g = -7*g + v. Is g a composite number?
False
Let b be (-3695)/(-30) + (-2)/12. Let f = b + -115. Suppose f*o - 5215 - 11145 = 0. Is o composite?
True
Suppose 3*j - 5*j = -27076. Suppose 0 = 85*z - 99*z + j. Is z a composite number?
False
Let b(f) be the first derivative of 37*f**2 - 37*f - 7. Suppose 4*a - 3*l = 49, 35 = -5*a + 4*l + 95. Is b(a) a prime number?
False
Let x = 5010 - -111532. Is x composite?
True
Let k = 1565 + -4178. Let s = 2289 - k. Is (-4 - s/(-3))/2 a prime number?
False
Let j = -2 + 20. Let v be (-1 - 25/(-15))*j. Suppose v*h - 15*h = -27717. Is h a prime number?
True
Let r(z) = 167*z**2 - 11*z - 68. Let f be r(-5). Let u = -1629 + f. Is u prime?
False
Suppose 0 = 2*i + y - 16 - 39, i = 2*y + 15. Suppose -i*g + 24374 + 56151 = 0. Is g a prime number?
True
Suppose -7*u + 102 = -u. Suppose -a - c - u = 0, a - 4*a - 5*c = 45. Is (-15)/a + 6051/12 a composite number?
True
Suppose 2*o = 6*o - 5*r - 627722, -6*o = -5*r - 941568. Is o a prime number?
False
Let g(n) = 37*n**2 - 18*n + 44. Let b be g(11). Let x = b - 1230. Is x prime?
False
Let g = 142558 - 65367. Is g a prime number?
True
Suppose -42807 - 3806 = -d + 2*i, 0 = -4*d + i + 186473. Is d a prime number?
True
Let a = -181060 + 527219. Is a a composite number?
True
Let w(p) = 91*p - 5. Let h be w(5). Let r(a) = 15*a + 606. Let g be r(-38). Is (g/28 - (-6)/(-21)) + h prime?
False
Let g(p) = -1388*p**3 - 2*p**2 + 2*p. Let b be g(-2). Let s = b - 4971. Is s a prime number?
True
Let w = 1700443 - 957060. Is w composite?
True
Let m(s) = s**3 - 6*s**2 + 4*s - 1. Let o be m(5). Let l be ((-20)/8)/(9/o - -1). Is l/(50/(-1356))*(-5)/2 a composite number?
True
Let l be -2 + -4 - 1449/18*-1